.
10
Let f(x) be the second derivative of -5*x**4/12 + 6*x**3 + x**2 - 4*x + 7. Let q be f(6). Calculate the greatest common divisor of 171 and q.
19
Let t = 8360 - 7838. Calculate the greatest common factor of 5394 and t.
174
Let t(w) = -69*w - 697. Let j be t(-25). What is the greatest common divisor of 4 and j?
4
Suppose -5*w - 61 = 2*f - 166, 0 = 4*f - 3*w - 223. What is the greatest common factor of 4103 and f?
11
Let f be (-75)/15 - (-3 - (844 - 2)). Let d = -744 + f. What is the highest common divisor of d and 96?
96
Suppose 3*s + 3*m = -1812, 1631 = -4*s + 2*m - 797. Let u = 648 + s. Calculate the highest common factor of 1 and u.
1
Let z = -444 - -734. Let u = 426 - z. Suppose -11*f = -282 - u. Calculate the greatest common divisor of f and 38.
38
Suppose -p + 5*p = 1080. Let r(i) = -i**2 + 2*i + 6. Let q be r(-2). Let m = 52 - q. What is the highest common factor of p and m?
54
Let p be -10*(8/(-60) + (-38)/(-60)). Let u be (-12)/(-28) + p + 915/21. Calculate the highest common divisor of 26 and u.
13
Let d be (1 + -5 - -2)*-3. Let a(b) = -44*b + 2025. Let c be a(46). What is the greatest common factor of d and c?
1
Suppose k = -5*q + 2229, 99*k - 101*k + 4443 = 5*q. What is the highest common factor of 54 and k?
54
Suppose -4*v = -18*v + 100122 + 165542. What is the greatest common divisor of 16 and v?
16
Suppose -z - 4*y = 284, 2*z = 4*y - 152 - 404. Let i = z + 340. Calculate the greatest common factor of i and 36.
12
Suppose 2*y - 4*i - 28 = 0, -i - 11 = -0*y - y. Let v be y/6 - 4676/(-84). Calculate the highest common factor of 3 and v.
3
Suppose -27948 = 295*j - 100223. Suppose v - 1 = 6. What is the greatest common divisor of v and j?
7
Let p be -11 - 60/(-6) - 1*3. Let h be -49*((-20)/4 - p). Calculate the highest common divisor of h and 343.
49
Suppose 0 = -20*i + 61*i + 21*i - 124. Calculate the highest common factor of 454 and i.
2
Let a = -47 + 151. Suppose -3*i + 60 - 48 = 0. Let r be (494/190)/(1 + i/(-5)). Calculate the greatest common divisor of r and a.
13
Suppose 0 = x + u - 32, -6 = -x - 5*u + 14. Let j = -14 - -31. Suppose 5*b - 3*a = 40, -3*a - 8 = -2*b + j. Calculate the greatest common divisor of b and x.
5
Let p be 490 + -2 - 8*(-11)/(-11). Calculate the greatest common factor of 320 and p.
160
Let j = -8229 - -8449. Calculate the highest common factor of j and 1045.
55
Suppose p + 224 - 138 = 0. Let b = 471 + p. What is the highest common divisor of b and 35?
35
Let t = 487 - 375. Let b be 7 + (6 - 0) + t. Calculate the greatest common factor of 15 and b.
5
Suppose -3*v + 4*h + 89 = 0, -3*v - v + h + 110 = 0. Suppose -v*l + 4359 = -3174. What is the highest common factor of l and 18?
9
Let r = 3156 - 3044. Calculate the greatest common factor of r and 4.
4
Suppose 3*c + 2*m - 792 = 3*m, -3*c + 4*m + 783 = 0. Let r(k) = 13*k**2 - 741*k + 2212. Let d be r(54). What is the highest common divisor of d and c?
53
Suppose -61*w = -60*w - 528. Suppose 0 = -5*r - 2*o + 157, -36 = -2*r + 2*o + 38. Calculate the greatest common divisor of w and r.
33
Suppose 0 = 2*n - 521 + 139. Let m = -182 + n. Calculate the greatest common divisor of m and 6.
3
Suppose -3*r + 118 = -2*d, d + 2*r = r - 54. Let p(m) = -5*m**2 + 2*m. Let s be p(4). Let k = d - s. Calculate the greatest common factor of 176 and k.
16
Let o(x) = 11*x**2 + 4. Let y be o(-2). Let c(i) = 8*i**3 - 5*i**2 - 2*i + 8. Let g be c(4). What is the highest common divisor of y and g?
48
Suppose 0 = -3*q - 14 + 128. Let y be (-10640)/120*(1 - 0)*-6. What is the highest common factor of q and y?
38
Let x(n) = -n - 3. Let j be x(0). Let c be (-38 + 2)*((-1)/j - -4). Let a be (c/(-24))/((-2)/(-8)). Calculate the greatest common factor of 156 and a.
26
Let y(u) = 20*u + 50. Let d be y(-3). Let o be d/(-4)*(-2)/(-5). What is the greatest common divisor of 31 and o?
1
Suppose -b - 13*b + 3332 = 0. Suppose 7*z - b - 84 = 0. What is the greatest common divisor of z and 414?
46
Let v(l) = 5*l**2 - 32*l - 9. Let c = 31 + -20. Let g be v(c). What is the greatest common factor of g and 61?
61
Let n = -584 - -2214. Calculate the highest common divisor of 20 and n.
10
Let w = 1724 - 1684. Suppose k + 0*k = 21. Suppose 0 = 4*y - d - 16, -4*d + k + 5 = 2*y. Calculate the greatest common divisor of y and w.
5
Let i(r) = r**3 - 9*r**2 + 19*r + 40. Let z be i(6). What is the highest common factor of 2944 and z?
46
Let s = -5 + 14. Let t be (1*0/(-3 + 7))/1. Let b be t - ((-105)/(-14))/(2/(-12)). Calculate the highest common factor of s and b.
9
Let j = -98 + 69. Let a = j + 34. Suppose -3 = l, a*p - 14 = 2*l + 12. Calculate the highest common divisor of p and 36.
4
Let q(h) = h**3 + 2*h - 1. Let n be q(1). Suppose n*m + o - 362 = 2*o, -m + 174 = 3*o. What is the highest common factor of m and 36?
36
Let l = 50 + 13. Let u(p) = p + 22. Let t be u(-9). Suppose -5*v = -5*j - 220, -4*v - t*j = -10*j - 162. What is the highest common divisor of v and l?
21
Suppose 1562*a = 1586*a - 660240. Calculate the greatest common divisor of 14 and a.
14
Suppose 4*a - m = 1553, m + 1708 = 7*a - 1015. What is the highest common divisor of a and 670?
10
Let b = 3513 + -3451. Calculate the highest common factor of 2883 and b.
31
Let n = -13023 - -17647. What is the greatest common divisor of 48 and n?
16
Let b be ((-35)/10)/(2/(-4)). Suppose -2*x - 2*j = -30, -5*x + 110 = 4*j + 40. Suppose -84 = 7*s - x*s. What is the greatest common divisor of b and s?
7
Suppose -14*u + 51840 = -34*u. Let r be (-10)/4*u/80. What is the greatest common factor of r and 27?
27
Suppose 0 = -19*w + 20071 + 75803. What is the greatest common divisor of w and 174?
174
Let o = 69 + -53. Suppose 110 = o*r - 322. What is the highest common divisor of 18 and r?
9
Suppose k + 3 = 2. Let a = k + 19. Let v be 2/((-10)/(-15)) + a. What is the greatest common factor of v and 28?
7
Let j(b) = -b - 3. Let l(z) = 7*z + 150. Let x(v) = 2*j(v) + l(v). Let u be x(-21). Calculate the greatest common divisor of 208 and u.
13
Let s(p) = 15*p + 124. Let x = 794 - 801. Let m be s(x). Let u(z) = -49*z - 3. Let f be u(-2). What is the highest common divisor of f and m?
19
Let w = 15 - 9. Let b = 287 - -271. Let c be (b/(-630) + (-2)/(-7))*-15. What is the highest common divisor of w and c?
3
Let m be (-77)/28*(-43 - 1). Suppose 2*w - 9 = -3. Suppose -2*h = 3*y - 25, 7*y - 32 = 3*y - w*h. What is the greatest common divisor of y and m?
11
Let m(z) = z + 23. Let h be m(11). Let w = h + -30. Suppose -w*g + 5 = -31. Calculate the highest common factor of g and 27.
9
Let o(q) = 195*q**3 - 39*q + 122. Let c be o(3). Calculate the highest common divisor of c and 680.
170
Suppose -5*l + 93 = -27. Let i(p) = 22 + 8*p + l - 21*p - 11*p - p**2. Let w be i(-22). What is the greatest common divisor of w and 18?
18
Suppose 2698*g - 48637 = 2665*g + 12479. What is the highest common factor of g and 16?
4
Let w(r) = -19*r - 14. Let p be w(6). Let d be (p/(-24))/(4/30). Let q be d/6 + (-3)/(-9). What is the highest common factor of 56 and q?
7
Let r be 126 + (19 - 11 - 8). Suppose 5*o = 4*k - 15, 0 = k + 3*o + 14 - 5. Suppose 14 + k = f. Calculate the highest common divisor of f and r.
14
Let u be (-330)/(-20) - (2 + 3/(-2)). Suppose n = -73 + 4. Let f = n + 101. What is the greatest common factor of u and f?
16
Let l(w) = -3*w**2 + 48*w - 146. Let t be l(16). Suppose c + 5*b = 189, 2*b + 203 = c - 0*b. Let z = c - t. What is the greatest common factor of z and 15?
15
Let z be -11*(-12)/(-12) + 1491. What is the greatest common divisor of 444 and z?
148
Suppose -c = -6 + 2, 0 = 5*d - 3*c - 688. Calculate the highest common factor of 1750 and d.
70
Let o(b) be the second derivative of 0 + 3/2*b**3 + 4*b + 33*b**2. Let r be o(-7). What is the greatest common divisor of 12 and r?
3
Let s(b) = 4*b**3 + 36*b**2 + 22*b - 10. Let g be s(-17). Let u be g/(-160) - (6/5 + -1). Calculate the greatest common divisor of 12 and u.
12
Suppose 5*u - y - 73 = 0, 3*u - 7*u = 5*y - 70. Let v be u/60 - (-846)/8. Let g = -73 + v. What is the greatest common divisor of 297 and g?
33
Let g(r) = -641*r + 4621. Let y be g(7). Calculate the greatest common factor of y and 13534.
134
Let l = -1218 + 712. Let b = l - -513. Calculate the greatest common divisor of 161 and b.
7
Let n(r) = 5*